{"id":238,"date":"2024-04-11T12:03:18","date_gmt":"2024-04-11T12:03:18","guid":{"rendered":"https:\/\/tehoon.com.br\/?page_id=238"},"modified":"2024-04-11T12:03:18","modified_gmt":"2024-04-11T12:03:18","slug":"a-empresa","status":"publish","type":"page","link":"http:\/\/rsvdieselbr.com.br\/?page_id=238","title":{"rendered":"A Empresa"},"content":{"rendered":"\t\t<div data-elementor-type=\"wp-page\" data-elementor-id=\"238\" class=\"elementor elementor-238\">\n\t\t\t\t<div class=\"elementor-element elementor-element-f64a82e e-con-full e-flex e-con e-parent\" data-id=\"f64a82e\" data-element_type=\"container\" data-settings=\"{&quot;background_background&quot;:&quot;classic&quot;}\">\n\t\t\t\t<div class=\"elementor-element elementor-element-49a459b elementor-widget elementor-widget-image\" data-id=\"49a459b\" data-element_type=\"widget\" data-widget_type=\"image.default\">\n\t\t\t\t<div class=\"elementor-widget-container\">\n\t\t\t<style>\/*! elementor - v3.21.0 - 25-04-2024 *\/\n.elementor-widget-image{text-align:center}.elementor-widget-image a{display:inline-block}.elementor-widget-image a img[src$=\".svg\"]{width:48px}.elementor-widget-image img{vertical-align:middle;display:inline-block}<\/style>\t\t\t\t\t\t\t\t\t\t<img decoding=\"async\" src=\"https:\/\/tehoon.com.br\/wp-content\/uploads\/2024\/04\/Banner-6v1.png\" title=\"\" alt=\"\" loading=\"lazy\" \/>\t\t\t\t\t\t\t\t\t\t\t\t\t<\/div>\n\t\t\t\t<\/div>\n\t\t\t\t<\/div>\n\t\t<div class=\"elementor-element elementor-element-db343d2 e-flex e-con-boxed e-con e-parent\" data-id=\"db343d2\" data-element_type=\"container\">\n\t\t\t\t\t<div class=\"e-con-inner\">\n\t\t<div class=\"elementor-element elementor-element-d54ed15 e-con-full e-flex e-con e-child\" data-id=\"d54ed15\" data-element_type=\"container\">\n\t\t\t\t<div class=\"elementor-element elementor-element-5beb020 elementor-widget elementor-widget-image\" data-id=\"5beb020\" data-element_type=\"widget\" data-widget_type=\"image.default\">\n\t\t\t\t<div class=\"elementor-widget-container\">\n\t\t\t\t\t\t\t\t\t\t\t\t\t<img decoding=\"async\" src=\"https:\/\/tehoon.com.br\/wp-content\/uploads\/2024\/04\/Post-1.png\" title=\"\" alt=\"\" loading=\"lazy\" \/>\t\t\t\t\t\t\t\t\t\t\t\t\t<\/div>\n\t\t\t\t<\/div>\n\t\t\t\t<\/div>\n\t\t<div class=\"elementor-element elementor-element-6193ded e-con-full e-flex e-con e-child\" data-id=\"6193ded\" data-element_type=\"container\">\n\t\t\t\t<div class=\"elementor-element elementor-element-fcca7fd elementor-widget elementor-widget-heading\" data-id=\"fcca7fd\" data-element_type=\"widget\" data-widget_type=\"heading.default\">\n\t\t\t\t<div class=\"elementor-widget-container\">\n\t\t\t<style>\/*! elementor - v3.21.0 - 25-04-2024 *\/\n.elementor-heading-title{padding:0;margin:0;line-height:1}.elementor-widget-heading .elementor-heading-title[class*=elementor-size-]>a{color:inherit;font-size:inherit;line-height:inherit}.elementor-widget-heading .elementor-heading-title.elementor-size-small{font-size:15px}.elementor-widget-heading .elementor-heading-title.elementor-size-medium{font-size:19px}.elementor-widget-heading .elementor-heading-title.elementor-size-large{font-size:29px}.elementor-widget-heading .elementor-heading-title.elementor-size-xl{font-size:39px}.elementor-widget-heading .elementor-heading-title.elementor-size-xxl{font-size:59px}<\/style><h2 class=\"elementor-heading-title elementor-size-default\">Sobre a RSV Diesel<\/h2>\t\t<\/div>\n\t\t\t\t<\/div>\n\t\t\t\t<div class=\"elementor-element elementor-element-55c09af elementor-widget elementor-widget-heading\" data-id=\"55c09af\" data-element_type=\"widget\" data-widget_type=\"heading.default\">\n\t\t\t\t<div class=\"elementor-widget-container\">\n\t\t\t<h2 class=\"elementor-heading-title elementor-size-default\">Desde 1998, a RSV Diesel \u00e9 uma empresa de tecnologia que cria solu\u00e7\u00f5es para ve\u00edculos diesel, melhorando e facilitando reparos no ramo de automa\u00e7\u00e3o industrial. Ao longo de sua trajet\u00f3ria, passou a atuar no mercado automobil\u00edstico para montadoras e auto pe\u00e7as, a fornecer os componentes el\u00e9tricos, instrumenta\u00e7\u00e3o, controle de temperatura e press\u00e3o e acess\u00f3rios pneum\u00e1ticos da bancada 615 da Bosch.\n\nContudo, a empresa observou uma car\u00eancia no mercado nacional e internacional de informa\u00e7\u00e3o e equipamentos confi\u00e1veis e de qualidade para suprir a demanda do mercado diesel, que trazem solu\u00e7\u00f5es que facilitam o dia a dia de montadoras e oficinas mec\u00e2nicas. Desse modo, a RSV Diesel passou por uma reestrutura\u00e7\u00e3o e readequa\u00e7\u00e3o para ser a empresa que \u00e9 hoje.<\/h2>\t\t<\/div>\n\t\t\t\t<\/div>\n\t\t\t\t<\/div>\n\t\t<div class=\"elementor-element elementor-element-6b5b99b e-con-full e-flex e-con e-child\" data-id=\"6b5b99b\" data-element_type=\"container\">\n\t\t\t\t<div class=\"elementor-element elementor-element-1121cd2 elementor-widget elementor-widget-heading\" data-id=\"1121cd2\" data-element_type=\"widget\" data-widget_type=\"heading.default\">\n\t\t\t\t<div class=\"elementor-widget-container\">\n\t\t\t<h2 class=\"elementor-heading-title elementor-size-default\">Nossas solu\u00e7\u00f5es<\/h2>\t\t<\/div>\n\t\t\t\t<\/div>\n\t\t\t\t<div class=\"elementor-element elementor-element-ed94c8d elementor-widget elementor-widget-heading\" data-id=\"ed94c8d\" data-element_type=\"widget\" data-widget_type=\"heading.default\">\n\t\t\t\t<div class=\"elementor-widget-container\">\n\t\t\t<h2 class=\"elementor-heading-title elementor-size-default\">Desde 1998, a RSV Diesel \u00e9 uma empresa de tecnologia que cria solu\u00e7\u00f5es para ve\u00edculos diesel, melhorando e facilitando reparos no ramo de automa\u00e7\u00e3o industrial. Ao longo de sua trajet\u00f3ria, passou a atuar no mercado automobil\u00edstico para montadoras e auto pe\u00e7as, a fornecer os componentes el\u00e9tricos, instrumenta\u00e7\u00e3o, controle de temperatura e press\u00e3o e acess\u00f3rios pneum\u00e1ticos da bancada 615 da Bosch.\n\nContudo, a empresa observou uma car\u00eancia no mercado nacional e internacional de informa\u00e7\u00e3o e equipamentos confi\u00e1veis e de qualidade para suprir a demanda do mercado diesel, que trazem solu\u00e7\u00f5es que facilitam o dia a dia de montadoras e oficinas mec\u00e2nicas. Desse modo, a RSV Diesel passou por uma reestrutura\u00e7\u00e3o e readequa\u00e7\u00e3o para ser a empresa que \u00e9 hoje.<\/h2>\t\t<\/div>\n\t\t\t\t<\/div>\n\t\t\t\t<\/div>\n\t\t<div class=\"elementor-element elementor-element-adb88f4 e-con-full e-flex e-con e-child\" data-id=\"adb88f4\" data-element_type=\"container\">\n\t\t\t\t<div class=\"elementor-element elementor-element-7fb83b8 elementor-widget elementor-widget-image\" data-id=\"7fb83b8\" data-element_type=\"widget\" data-widget_type=\"image.default\">\n\t\t\t\t<div class=\"elementor-widget-container\">\n\t\t\t\t\t\t\t\t\t\t\t\t\t<img decoding=\"async\" src=\"https:\/\/tehoon.com.br\/wp-content\/uploads\/2024\/04\/Post-3-1.png\" title=\"\" alt=\"\" loading=\"lazy\" \/>\t\t\t\t\t\t\t\t\t\t\t\t\t<\/div>\n\t\t\t\t<\/div>\n\t\t\t\t<\/div>\n\t\t\t\t\t<\/div>\n\t\t\t\t<\/div>\n\t\t<div class=\"elementor-element elementor-element-86e37c2 e-flex e-con-boxed e-con e-parent\" data-id=\"86e37c2\" data-element_type=\"container\">\n\t\t\t\t\t<div class=\"e-con-inner\">\n\t\t<div class=\"elementor-element elementor-element-017cd95 e-con-full e-flex e-con e-child\" data-id=\"017cd95\" data-element_type=\"container\">\n\t\t\t\t<div class=\"elementor-element elementor-element-08e1f12 elementor-widget elementor-widget-image\" data-id=\"08e1f12\" data-element_type=\"widget\" data-widget_type=\"image.default\">\n\t\t\t\t<div class=\"elementor-widget-container\">\n\t\t\t\t\t\t\t\t\t\t\t\t\t<img decoding=\"async\" src=\"https:\/\/tehoon.com.br\/wp-content\/uploads\/2024\/04\/Post-2-1.png\" title=\"\" alt=\"\" loading=\"lazy\" \/>\t\t\t\t\t\t\t\t\t\t\t\t\t<\/div>\n\t\t\t\t<\/div>\n\t\t\t\t<\/div>\n\t\t<div class=\"elementor-element elementor-element-850f61e e-con-full e-flex e-con e-child\" data-id=\"850f61e\" data-element_type=\"container\">\n\t\t\t\t<div class=\"elementor-element elementor-element-663f4d3 elementor-widget elementor-widget-heading\" data-id=\"663f4d3\" data-element_type=\"widget\" data-widget_type=\"heading.default\">\n\t\t\t\t<div class=\"elementor-widget-container\">\n\t\t\t<h2 class=\"elementor-heading-title elementor-size-default\">Clientes de Norte a Sul pelo globo terrestre<\/h2>\t\t<\/div>\n\t\t\t\t<\/div>\n\t\t\t\t<div class=\"elementor-element elementor-element-7512592 elementor-widget elementor-widget-heading\" data-id=\"7512592\" data-element_type=\"widget\" data-widget_type=\"heading.default\">\n\t\t\t\t<div class=\"elementor-widget-container\">\n\t\t\t<h2 class=\"elementor-heading-title elementor-size-default\">Desde 1998, a RSV Diesel \u00e9 uma empresa de tecnologia que cria solu\u00e7\u00f5es para ve\u00edculos diesel, melhorando e facilitando reparos no ramo de automa\u00e7\u00e3o industrial. Ao longo de sua trajet\u00f3ria, passou a atuar no mercado automobil\u00edstico para montadoras e auto pe\u00e7as, a fornecer os componentes el\u00e9tricos, instrumenta\u00e7\u00e3o, controle de temperatura e press\u00e3o e acess\u00f3rios pneum\u00e1ticos da bancada 615 da Bosch.\n\nContudo, a empresa observou uma car\u00eancia no mercado nacional e internacional de informa\u00e7\u00e3o e equipamentos confi\u00e1veis e de qualidade para suprir a demanda do mercado diesel, que trazem solu\u00e7\u00f5es que facilitam o dia a dia de montadoras e oficinas mec\u00e2nicas. Desse modo, a RSV Diesel passou por uma reestrutura\u00e7\u00e3o e readequa\u00e7\u00e3o para ser a empresa que \u00e9 hoje.<\/h2>\t\t<\/div>\n\t\t\t\t<\/div>\n\t\t\t\t<\/div>\n\t\t\t\t\t<\/div>\n\t\t\t\t<\/div>\n\t\t\t\t<\/div>\n\t\t","protected":false},"excerpt":{"rendered":"<p>Sobre a RSV Diesel Desde 1998, a RSV Diesel \u00e9 uma empresa de tecnologia que cria solu\u00e7\u00f5es para ve\u00edculos diesel, melhorando e facilitando reparos no ramo de automa\u00e7\u00e3o industrial. Ao longo de sua trajet\u00f3ria, passou a atuar no mercado automobil\u00edstico para montadoras e auto pe\u00e7as, a fornecer os componentes el\u00e9tricos, instrumenta\u00e7\u00e3o, controle de temperatura e [&hellip;]<\/p>\n","protected":false},"author":1,"featured_media":0,"parent":0,"menu_order":0,"comment_status":"closed","ping_status":"closed","template":"elementor_header_footer","meta":{"footnotes":""},"class_list":["post-238","page","type-page","status-publish","hentry"],"_links":{"self":[{"href":"http:\/\/rsvdieselbr.com.br\/index.php?rest_route=\/wp\/v2\/pages\/238","targetHints":{"allow":["GET"]}}],"collection":[{"href":"http:\/\/rsvdieselbr.com.br\/index.php?rest_route=\/wp\/v2\/pages"}],"about":[{"href":"http:\/\/rsvdieselbr.com.br\/index.php?rest_route=\/wp\/v2\/types\/page"}],"author":[{"embeddable":true,"href":"http:\/\/rsvdieselbr.com.br\/index.php?rest_route=\/wp\/v2\/users\/1"}],"replies":[{"embeddable":true,"href":"http:\/\/rsvdieselbr.com.br\/index.php?rest_route=%2Fwp%2Fv2%2Fcomments&post=238"}],"version-history":[{"count":0,"href":"http:\/\/rsvdieselbr.com.br\/index.php?rest_route=\/wp\/v2\/pages\/238\/revisions"}],"wp:attachment":[{"href":"http:\/\/rsvdieselbr.com.br\/index.php?rest_route=%2Fwp%2Fv2%2Fmedia&parent=238"}],"curies":[{"name":"wp","href":"https:\/\/api.w.org\/{rel}","templated":true}]}}